5
What is -102 - (-35 - -8) - (-10 + 10)?
-75
9 + -26 - (-44 - 4)
31
What is 29 - (5 + 23 - -36)?
-35
Calculate (-91 - -151 - 62) + 15.
13
Evaluate 2838 + -2825 - (-46 - 1).
60
7 + -1 + (5 + -7 + (8 - -6) - -8)
26
(-2 - 24) + (-8 - (83 - 122)) + 1 + -71
-65
Evaluate 32 + (10 - 37) + (1 + -9 - 0).
-3
Evaluate -4 + 1 + -18 - (-16 + 8 - 3).
-10
-42 - (-39 + 71 - 38)
-36
Calculate (-2 + 3 - -6) + (23 - 32) + 77.
75
Calculate 103 + -86 + (7 - 15).
9
Evaluate (3 - -8) + 14 - 14.
11
Evaluate (0 - 54) + (129 + -20 - 136).
-81
Evaluate 1 + (16 + -27 - -4) + (-22 - (1 - 2)).
-27
Evaluate 267 + 67 + -227 - ((-1 - 4) + 0) - -2.
114
Evaluate 35 - (56 - (-12 - -38)).
5
-2 - 46 - (13 - (-18 - -30) - -1)
-50
What is the value of -56 + 9 + -20 + 3 + 5?
-59
-11 - 1 - 0 - (-10 + (27 - 1) + 3)
-31
Evaluate -23 + (61 + 1 - (262 - 261)).
38
Calculate -18 + 16 + 19 - 17 - (-38 - 2).
40
What is 93 - (30 - -32) - 6?
25
What is the value of 51 - 93 - -54 - -6?
18
What is 100 + -144 - -184 - 82?
58
Evaluate 6 + -8 + -4 + 0 + 12 + (63 - 34).
35
Calculate (28 - (34 - -21)) + -1 + 10.
-18
What is the value of -49 + (-83 - (-140 + -76))?
84
Calculate -44 - (-32 - 3 - 35).
26
Evaluate (3 - 2 - 8) + 11 - -43 - (68 + -58).
37
What is the value of 8 + (-10 - -107 - 8 - (-4 + 19))?
82
Evaluate (0 - 22) + -718 + 727 + 1 + -1.
-13
43 - 1 - (52 - 0 - 37)
27
Calculate 0 + 11 - (0 + -1) - (-15 + -3 + 17).
13
What is 0 - -3 - (12 + 19 + -65)?
37
Evaluate (-8 + -84 - -12 - 0) + 20.
-60
What is the value of -346 - -364 - (-8 - -8 - 81)?
99
What is -19 - (-942 + 875 - (1 - -7))?
56
Calculate 16 + 2 - (529 - 536).
25
What is the value of (-14 - 0) + -21 + 12 + 11 - -24?
12
9 - -38 - (-41 + 50 + (-5 - 0))
43
What is the value of (1 - -87 - 21) + -51?
16
Evaluate (11 - (-5 + 4)) + (40 - 39) + -37 - 11.
-35
Calculate 37 - (-18 - 44) - 52.
47
What is the value of 35 - 47 - -3 - 45 - (1 - -15)?
-70
Calculate (11 - (-1 - -7)) + 2 + -12 - 37.
-42
Evaluate (-817 - -774) + -27 + 1.
-69
What is the value of 3 + -1 + 34 - (27 - (-33 + -25 + 83))?
34
Evaluate (188 - -1) + -15487 + 15367.
69
Calculate (-31 - 45 - -71 - (-2 + 1)) + 10.
6
(93 - 122) + (-3 - -10 - -9)
-13
What is 39 - (174 + -75) - (-12 + -2)?
-46
(6 - 2) + -5 + (7 - (2 - -9)) + -22
-27
Calculate 15 - -64 - (11 + -48 - -46).
70
(-117 - 45 - -166) + (0 - -94) + 0 + -7
91
Calculate 31 - (-12 + -10) - (-12 + 8 + -6).
63
(-11 - -13 - (-12 - -2 - -9)) + -8 + -31
-36
(56 - 73) + -13 + 105
75
(73 - (122 + -60)) + (4 - (-80 - (-7 + 4)))
92
Calculate 39 + -31 + 22 + -26 - -8.
12
(-6 - 1 - (-3 - 9)) + -16 + 38
27
12 - (-1 + -9 - -5 - (-10 - -12))
19
Calculate 49 + 2 + 15 + -15 - (-7 + -1 - -13).
46
What is 32 + (105 - 176) - -34?
-5
What is 25 + -47 + (-27 - -43)?
-6
What is (1 + 7 - 8 - 4) + -17?
-21
What is the value of (-1 + 13 + 16 + -17 - (-2 - -42)) + -5?
-34
Calculate -33 + 9 - (-12 + -28).
16
Calculate -60 + 1 - (180 - (26 + 169)).
-44
What is the value of 7 + 2 + -23 + (-11 - 1) - 9?
-35
What is the value of -448 + 369 + (10 - -90)?
21
-56 + (-23 - -79) + 7 + 6 + -3
10
Evaluate -125 - -1 - (49 - (52 + -70 + 70)).
-121
Evaluate 90 - (-10 + 20) - (6 + (-9 - (-5 - -4))).
82
(-1 - 2 - 18) + -24 + -5 + -29
-79
Calculate 7 + -1 + 3 + (-42 - -1) + 984 + -983.
-31
4 - (3 - (5 + -2) - -5) - (5 - -76)
-82
Calculate (6 - (-21 - -1)) + 175 + -194.
7
Evaluate 6 + -34 - (4 - (12 + (-22 - -9 - 1))).
-34
Evaluate 0 + -5 + (1 - -6 - 16 - -6) + 39.
31
Calculate (5 - (3 + -6)) + (51 - 42) + -5.
12
-74 + (-9 - (-10 + -22) - 8)
-59
Evaluate 3 - (1 - ((-1 - (3 - (-1 - -14))) + -74)).
-63
Evaluate -3 + -4 - (-14 + 2 + 5 - (-23 + -80)).
-103
Evaluate 3 + 6 - -1 - (10 + (15 - (1 + 35))).
21
What is the value of 120 + (15 - 6) + (-20 - (-48 + 15))?
142
What is the value of -10 - ((-96 + (17 - 23) - -13) + 13)?
66
Calculate (-61 - -6) + (-2 - -3) + (18 - (12 - 1)).
-47
What is (-46 - -56) + (-2 + 4 + 10 - (128 + -122))?
16
Evaluate 89 - ((179 - 106) + -20).
36
-1 - (0 + -10) - (2358 + -2338)
-11
What is the value of (138 - 10 - 88) + -17?
23
-31 + 8 + -35 - -31
-27
What is the value of 38 + -82 + 20 + -29?
-53
Evaluate 137 + -2 + 2 + -63 + -38 + 66 + 27.
129
Calculate -46 - (-24 - 42 - -70).
-50
Evaluate 31 + -13 + (-6 - -2) + (-122 - -140).
32
What is (35 - 1) + (5346 - 5410)?
-30
Evaluate 29 - (24 - (-28 + 23 + -9)).
-9
What is 81 + -86 + -52 + (7 - 0) + (1 - 5)?
-54
Calculate -9 + 7 + -3 + 1 + -50 + -4 + 3.
-55
Evaluate -6 - (9 - 29 - -10) - -20.
24
What is -16 + 38 + 4 + ((-12 - 5) + -1 - 2)?
6
28 - -1 - (-52 - -45 - (9 + -1 + -8))
36
(-83 - (-63 - -15)) + -15
-50
What is the value of 21 + 2 + (-24 - -16) + -23?
-8
What is the value of 0 - (3 + 6 + 2 + -33)?
22
3 + (-37 - 16) + 9 - -11
-30
74 + (67 + -59 - 105)
-23
What is the value of -12 - (1 + -4 + 2) - (-401 - -379)?
11
71 + -65 - (-14 + 2) - (-17 - -28)
7
What is 8 + (3 + -23 - -16) + (-12 - -107)?
99
5 + -89 + 30 + (-13 - -21) + -27
-73
What is the value of 1 + 54 - (-254 - -271)?
38
Evaluate -5 - -39 - (-321 - -324) - (-5 + -1).
37
Calculate -322 + 335 + -13 + -7 + 0.
-7
((-7 - (-9 + -5)) + 74 - -1) + (-20 - -25)
87
Calculate 82 + 19 + -1 + -45 + (63 - 47).
71
Calculate -87 - (14 + -47) - (-2 + -5 - -2).
-49
What is the value of -9 - -1 - (47 - (-25 - -40) - 55)?
15
What is the value of (-13 - -5 - 13) + (-46 - (-24 - 44))?
1
What is the value of -1 + 3 - (77 + 64 - 105)?
-34
-117 + 149 - (124 + -60)
-32
Calculate 8 + -51 + (4 - (11 - -4)).
-54
What is the value of -11 - (7233 - 7284 - (-11 + -3 + -2 + 1))?
25
What is the value of -9 + 1 + (1 + -9 + 92 + 11 - 6)?
81
What is (50 - 108) + 54 + 49?
45
Calculate -25 - 9 - (13 + (-7 + -2 - (2 - 4))).
-40
(-91 - 32) + (28 - -49)
-46
Evaluate (-7 + 5 - -13) + 7 - (59 + -27).
-14
Calculate -75 + 4 + -2719 + 2839.
49
What is -39 - (-17 - (-13 + 11 + -4 + -3))?
-31
Evaluate -4 + -25 + 28 - (-22 - -7).
14
Evaluate 2 + 2 + -3 + (-80 - -75) + -1 - -81.
76
What is the value of -107 - ((1 - -27) + (591 - 624))?
-102
Calculate (2 - 4) + 15 + -819 + 821.
15
What is 8 - (100 - (17 + -16)) - (7 + 11)?
-109
What is 3 + 17 + -13 + -64 + 0 - (492 + -502)?
-47
Evaluate -21 + 2 + -55 + (76 - 66).
-64
74 + 0 - (-43 + 66 + (4 - (-6 + 25)))
66
What is 25 + (6 - 1) - ((17 - 2) + -1)?
16
Calculate -36 - (-16 - -32 - 72).
20
26 - (-76 + 26 - -94)
-18
What is the value of -15 - (-3 - -1) - (-79 + (-47 + 64 - 51))?
100
What is -4488 + 4528 + (0 - 1) + (-1 - -1) + 9?
48
-184 + 47 - -129 - (6 + -1 + -1 + 2)
-14
What is (5 + (44 - 51) - (4 + 0)) + (-60 - 1)?
-67
(-46 - -22 - -15) + (2 - -4) + -8
-11
What is the value of (27 - 46) + -64 + 56?
-27
Calculate 2 - -3 - -58 - (-145 - -167).
41
Evaluate 20 + 18 + -77 + -16 + 18.
-37
Calculate 82 - 10 - (-32 + 26 + (1 - 1)) - 14.
64
149 + -87 + (11 - 2 - 8) + -8
55
What is ((-1 - -2) + -3 - (14 + -19)) + (10 - 27)?
-14
Calculate 35 - (72 - 73 - -53).
-17
(60 + (-104 - -48) - ((2 - -1) + 101)) + 4
-96
Calculate (11 - -7) + -16 + (27 - 18) - (-2 + -8).
21
What is the value of (-12 + 61 - -8) + (5 - 13) + 22 + -18?
53
What is the value of -50 - (-17 + 19) - 0 - (-12 - -3)?
-43
What is the value of -74 - ((-116 - -48) + 124)?
-130
-44 + (-7 + 93 - -1)
43
What is 18 - (-6 + 26) - (-18 - (-16 + -23))?
-23
Evaluate 4 + -66 - (1470 - 1566).
34
Calculate 13 + 50 + -20 + (-3 - 0) + (-19 - -6).
27
What is the value of (2 - -28 - 17) + -75 + -3 + -8?
-73
What is the value of (-22 - (-11 + 3 - 2)) + 37?
25
Calculate 62 + (-20 + -101 - -35).
-24
Calculate (10 - -29) + (-1 - (0 + -5) - 10).
33
What is the value of (-14 - -21) + -8 + (20 - 35)?
-16
What is the value of -20 - (-59 - -34) - (14 - 1)?
-8
-11 + (-40 - -48) + 4 + 2 + -47
-44
What is -91 + 104 - (4 + 1) - (-2 - -32)?
-22
Evaluate -6 + -7 + 1 - -2 - (-66 - -136).
-80
(-35 - (8 - 87)) + -35
9
What is 98 - ((119 - -105) + -105)?
-21
What is the value of (29 - -18) + -44 + -3 + (1 - 56) + 0?
-55
What is the value of 18 + -5 + 45 + -12 - 8?
38
What is the value of (19 + -39 + 24 - 108) + (4 - 11)?
-111
What is the value of -1 + -2 + 3 + 54 + 0 + -4?
50
(-22 - (-46 + 11 + -12)) + -5
20
What is 12 + (61 + -54 - (10 - 0)) + -2 + 10?
17
103 + -268 - -200 - 147
-112
Calculate -4 - ((-2 - -49) + 12 + (-15 - (-8 + 11))).
-45
What is -34 + -3 + 16 + (12 - (4 + -8))?
-5
What is the value of -15 - (-4 + 0) - (9